) = 5*z**3 - 4*z**2 - z - 2. What is the tens digit of k(4)?
5
Suppose 16 = -4*c + 8. Let r(l) be the first derivative of 5*l**3/3 + 2*l**2 + 2*l + 1. What is the tens digit of r(c)?
1
Let n be 4 - ((-12)/4)/3. Suppose -2*t + 126 = -n*u, -5*t + 4*u + 277 = -21. What is the tens digit of t?
5
Suppose 0 = 5*w - 0*d + 3*d + 51, -2*w + 4*d = 36. Let n be (11/(-4))/((-3)/w). Let v = n + 20. What is the units digit of v?
9
Suppose 3*y + y - 20 = 0. Suppose 0 + 3 = y*m - 3*h, -3*h + 9 = -m. Suppose -2*t = -4, -4*t = m*i - 0*i - 23. What is the units digit of i?
5
Suppose 4*x + 17 = a + 1, -4*a + 3*x = 1. Let n(o) = 4*o**2 - 3*o - 3*o**2 - 3 + 6*o. What is the units digit of n(a)?
1
Suppose -4*t + 112 + 20 = 0. What is the units digit of t?
3
Suppose -3*w + 3*z + 74 = 20, 0 = 2*w - 3*z - 37. Suppose 0 = -3*q + x + 51, -4*x + 3*x = -q + w. What is the tens digit of q?
1
Let h = -9 + 14. What is the units digit of h?
5
Let m be 2/(-4) - 18/(-4). Let q = 8 - m. What is the units digit of (35/(-10))/((-2)/q)?
7
Suppose 5*l - 5*q = 23 + 12, -7 = -5*l - 2*q. Suppose 4 = -l*s + 5*s. What is the units digit of s?
2
Suppose 3*g = -3*j + 5*g + 58, 4*j - 5*g - 75 = 0. What is the tens digit of 5/(j/56) + -2?
1
Let o(i) = i**2 - i - 8. What is the units digit of o(5)?
2
Suppose -i + 2*r + 13 = 0, -2*i - r + 41 = -0*r. What is the tens digit of i?
1
Let f = -10 - 9. Let s = f - -25. What is the units digit of s?
6
Let b(l) = 11*l**2 + 3 + l**2 + 3 - 5 - 10*l - l**3. What is the units digit of b(11)?
2
Let h = 23 + -11. Let g = h - 4. What is the units digit of g?
8
Suppose -12 = j - 3*j. Let g be (-39)/(-9) - (-4)/j. Suppose g = -r + 2*w, -r - 3*r - 4*w = -28. What is the units digit of r?
3
Let u = 7 - 5. What is the units digit of u - (-1)/(-3)*0?
2
Let r = 512 + -313. What is the units digit of r?
9
Let n(j) = 3*j**2 + 2*j**3 - 4*j + 0*j - 4 - j**3. Let f(i) = i**2 + 8*i - 12. Let h be f(-9). What is the units digit of n(h)?
8
What is the units digit of (-9)/15*8/(-6)*35?
8
Suppose 38 - 95 = 3*x. Let c = 34 + x. What is the tens digit of c?
1
Let r(d) = -d**3 - 5*d**2 - 6*d - 6. Let p be r(-4). Suppose p*s + 1 - 47 = 0. What is the units digit of s?
3
Let x = -46 + 135. What is the units digit of x?
9
What is the units digit of (-2)/(-8) - 215/(-4)?
4
Suppose 5*i = -4*y - 11, 0 = 3*i + 3*y + 8 + 1. Suppose 7*q - 2*q + 2*b - 21 = 0, b = 3. Suppose 4 - i = q*n. What is the units digit of n?
1
Suppose 5 = 3*b - 1. Suppose 8 = -3*a + 4*m, b*a - 3*m + 7 = -0. Suppose 0 = 4*g - 0 - a. What is the units digit of g?
1
Let c(f) = -4 + 7 - f + 2*f + 0*f. What is the units digit of c(-2)?
1
What is the tens digit of 243/3 + 12/(-3)?
7
Suppose 12 = 4*v, 5*y + 3*v - 16 = v. Let r(i) = -i**3 + 2*i**2 + 2*i - 3. What is the units digit of r(y)?
1
Let c = 0 + 5. Suppose -n = 2*l - 12, 16 = 3*n + 5*l - 17. Suppose 2*u - c*u = -n. What is the units digit of u?
2
Let u be 4/(-6) - (-10)/15. Suppose -j = -u*s + 5*s + 11, -4*j = -4*s - 52. What is the units digit of j?
9
Let l be 1*0/(-1 + 0). Suppose l = -5*c + 5*j - 35, -c + 12 + 1 = 3*j. Let o(i) = i**2 - 2*i - 3. What is the units digit of o(c)?
5
Let h(u) = 3*u - 1. Let s be h(3). Let d(n) = n**3 - 7*n**2 - 7*n - 5. Let j be d(s). Let z = 1 + j. What is the units digit of z?
4
Let u be (-4)/(-10) + 12/(-5). Suppose -4*t = -4 + 28. What is the units digit of (-3)/t - 13/u?
7
Suppose 0 = -2*v + 7*v - 215. Suppose -j = -2*s - 6 - 17, -s = -2*j + v. What is the tens digit of j?
2
Suppose 0*n - n + 9 = -o, 4*o - 3*n + 33 = 0. Let i = 10 + o. What is the units digit of i?
4
Suppose -93 - 72 = -5*i. What is the units digit of i?
3
Let u = 22 + -6. Suppose 10 = 2*h - u. What is the tens digit of h?
1
Suppose 0 = -4*c - 29 - 23. Let x(o) = -2*o - 1. What is the tens digit of x(c)?
2
Suppose -5*d - 2*k = -2, -2*k = -2*d - 2*d + 16. Suppose 11 = d*x + 51. Let v = x + 32. What is the units digit of v?
2
Suppose 2*t - 28 = 210. What is the tens digit of t?
1
Suppose -360 = -4*n - s + 9, 4*n = -3*s + 363. What is the tens digit of n?
9
Let t(m) = -2*m**2 - 8*m - 2*m**2 - 11 + 5*m**2. Let p be t(9). What is the units digit of (5/p)/(-1)*2?
5
Suppose 0 = 2*o - 3*f - 218, -531 = -5*o + 7*f - 3*f. What is the tens digit of o?
0
Let s be 1/((-33)/(-18) - 2). Let v(j) = 2*j + 9. Let i be v(s). What is the units digit of 5 + ((-6)/i)/(-2)?
4
Let r(s) = 6*s**2 - 1. What is the units digit of r(-1)?
5
Let m(z) = z**2 - z. Let c be m(1). What is the units digit of c - -3 - (7 + -6)?
2
Let z be (-7)/(-2) + 4/8. Suppose 2*x = x + z. Suppose y + 0*y = x. What is the units digit of y?
4
Let x(o) = 4*o - 1. Let u be x(2). Suppose -u*s + 2*s + 5 = 0. What is the tens digit of s + 12 + (0 - -2)?
1
Suppose z = -2*z + 300. What is the units digit of z/6 + 4/12?
7
Suppose 3*x - 15 - 21 = 3*j, 5*x = -5*j + 10. Suppose 2*z - x = 7. What is the units digit of z?
7
Let i(z) = -2*z**2 - 4*z - 2. Let t be i(-2). What is the units digit of 1*(-10)/t - 0?
5
Let n(r) = r + 7. Let a(z) = 10*z**2 - 2*z + 1. Let l be a(1). Let m be n(l). Let j = -8 + m. What is the units digit of j?
8
Suppose d = 5*a - 112, -2*a - 100 = -7*a + 5*d. What is the units digit of a?
3
Let i = 0 + 2. Suppose -2*t - i*c + c + 81 = 0, -3*t + 109 = 4*c. What is the tens digit of t?
4
Suppose 0 = 6*x - 11*x + 130. What is the tens digit of x?
2
Let p(m) be the first derivative of -10*m + 5/2*m**2 - 3 + 1/3*m**3. What is the units digit of p(-7)?
4
Suppose -5*y + 473 = -2*d, 9*y - 4*y = -d + 476. What is the tens digit of y?
9
Let t = 7 + -8. What is the units digit of (-28)/(-16) + t/(-4)?
2
Suppose 62 = -6*m + 7*m. Let y = -35 + m. What is the units digit of y?
7
Suppose 5*w + 26 - 1 = 0. Let m(n) be the third derivative of n**6/120 + n**5/10 + n**4/8 - n**2. What is the tens digit of m(w)?
1
Let g = 2 + -5. Let d(v) = v**3 + 4*v**2 + 2*v + 3. Let o be d(g). Suppose o = 3*k - 24. What is the units digit of k?
0
Let f = 9 - 1. Let a = 24 - f. What is the tens digit of a?
1
Let o be (-1 + 3 - 4) + 15. Suppose 0 = -4*q + 6*d - d + 1, 3*d - o = -q. Suppose q*m = m + 9. What is the units digit of m?
3
Suppose -29 = -o - 8. What is the units digit of (-7)/(o/(-18)) - 2?
4
Let h(r) = -3*r**2 - 3*r - 9. Let o(q) = -2*q**2 - 2*q - 5. Let b(k) = 3*h(k) - 5*o(k). What is the tens digit of b(-4)?
1
Suppose 1040 = 8*r - 488. What is the tens digit of r?
9
Suppose 9*d - 1600 = -d. What is the hundreds digit of d?
1
Let c be 6/(-9) - 2/(-3). Let i be 2/4*(c + 0). Suppose j + 3 - 13 = i. What is the units digit of j?
0
Let l(w) = -3*w - 17. Suppose -2*j + 7*j = -65. What is the units digit of l(j)?
2
Suppose 4*w - 2*w + 2 = 0. Let f be 1*(2 - (w + 4)). What is the units digit of (f + -4)*(-1)/1?
5
Let n = 103 + -38. What is the units digit of n?
5
Suppose -n + 1 = -0. Let u be -2*(2 + -1)/n. What is the units digit of u*(-33)/3 + 1?
3
Let y(t) = -t**3 + 3*t**2 + 4*t + 2. Let u be y(-2). Suppose 4*f + 6*x - 3*x - u = 0, f + x = 4. What is the units digit of (-5)/6*f*-6?
0
Suppose 226 = -4*m + 698. What is the tens digit of m?
1
What is the tens digit of ((-15)/25*-3)/((-1)/(-15))?
2
Let a(i) = i + 28. What is the tens digit of a(-11)?
1
Suppose 58 = 2*x - 18. What is the tens digit of x?
3
Let a(z) = 9*z**2 + 8*z + 1. Let f(j) = -5*j**2 - 4*j - 1. Let w(n) = -6*a(n) - 11*f(n). What is the units digit of w(4)?
5
Let v = 36 - 24. Suppose 2*p + 0*r + 22 = -4*r, 5 = p - 2*r. Let j = p + v. What is the units digit of j?
9
Suppose 0 + 5 = -d, 5*u - 2*d - 110 = 0. What is the tens digit of u?
2
Let z(m) = -m**2 + 4*m - 4. Let d be z(6). Let q = 29 + d. What is the tens digit of q?
1
Let r be ((-6)/4)/((-3)/52). Let s = 36 - r. What is the units digit of 3/9 + s/6?
2
Suppose 4*y - 12 = y. Suppose 4*h = h - 5*w + 36, y*w = 2*h - 2. Let a(r) = r**2 - 6*r + 2. What is the units digit of a(h)?
9
Suppose 2*k = -2*j + 18, 0 = 5*k - j - 0*j - 69. What is the units digit of k?
3
Let z = -5 + 1. What is the units digit of z/6*(0 + -6)?
4
Let j(x) = x + 2. Let n be j(2). Suppose n*k - 11 + 3 = 0. What is the units digit of k?
2
Let w = 0 - -2. Let s(k) = -k**3 - k**2 + k - 5. Let h(q) = q**3 + 4. Let r(v) = 3*h(v) + 2*s(v). What is the units digit of r(w)?
6
Let z = 9 - 6. Suppose 0 = z*x - 20 - 10. What is the tens digit of x